*p = -2*n - 44, 5*p - 7*n + 5*n = z. What is the tens digit of p?
1
Suppose 219 = 4*y - 5*n - 1630, 3*y - 1378 = 2*n. What is the units digit of y?
6
Let a(q) be the second derivative of 19*q**5/60 + q**4/24 + q**3/6 - 7*q**2/2 - 2*q. Let i(t) be the first derivative of a(t). What is the units digit of i(-1)?
9
Suppose 2*k = b - 2*b + 16, 2*b = -3*k + 29. Suppose -b = 4*t - 4*g - 2, -3*t + 5*g - 14 = 0. What is the units digit of t?
2
Let n be ((-230)/(-20))/((-1)/(-2)). Suppose 3*d - n = 13. What is the tens digit of d?
1
Suppose -2*x - 4 = 2*x, 5*x - 9 = n. What is the tens digit of (-3480)/(-42) - 2/n?
8
Let w = -78 - -80. Suppose -w*z + g + 318 = -3*g, 3*z - 509 = -2*g. What is the tens digit of z?
6
Let n(s) = -s - 5. Let i be n(-5). Let t be (28 - i)*3/(-6). Let g = t - -26. What is the units digit of g?
2
Suppose 0 = -8*n + 4832 + 544. What is the hundreds digit of n?
6
Let d = 1076 - -3152. What is the tens digit of d?
2
Let h(c) = -3*c + 1. Let s be h(1). What is the tens digit of 153*(s/3 + 1)?
5
Suppose -154919 = 7*p - 60*p. What is the tens digit of p?
2
Suppose -3*s = 2*s + 10. Let p be -6*(-1 - s/(-12)). Let v(q) = 5*q - 2. What is the tens digit of v(p)?
3
Let i = 23 - 20. Suppose 110 = u + 2*k, 3*k + k + 330 = i*u. What is the tens digit of u?
1
Suppose -4*s = 4, -2*s = -b + s + 6. Suppose -15 = -g + b. Suppose 58 = 20*u - g*u. What is the tens digit of u?
2
Let c be (2 + -15)/1 - 3. Let d = c + 19. Let r(k) = 9*k - 7. What is the units digit of r(d)?
0
Suppose -344*f - g = -339*f - 16482, 4*f = -g + 13186. What is the units digit of f?
6
Let r(a) = -6*a**2 - 4 - 3 + 7*a**2. Let i be r(-6). Suppose 0 = -b + 3 + 1, -4*b - i = -5*u. What is the units digit of u?
9
Suppose -w + 0*w = -3. Suppose 3*a = -w*m + 168, -m + 2*a - 286 = -6*m. What is the units digit of m?
8
Suppose 18*z = 12*z + 2376. What is the units digit of z?
6
What is the tens digit of ((-512)/(-6))/((-29)/(-870))?
6
Let b(r) be the third derivative of r**5/60 + r**4/12 - 5*r**3/6 + r**2. What is the tens digit of b(-8)?
4
Suppose 2*a - p = 7 - 2, 4*a = -3*p + 15. Suppose 6 = -a*h + h. Let d(b) = b**2 - b + 2. What is the tens digit of d(h)?
1
Let g be (-3 - -2)*(-1 - (67 + -2)). Suppose -532 + g = -2*k. What is the tens digit of k?
3
Suppose -2*j - 4 = 10. Let k(q) = q**2 - 2*q + 9. What is the units digit of k(j)?
2
Let b(w) be the second derivative of w**4/12 + 5*w**3/6 + 8*w**2 - 3*w. What is the units digit of b(-9)?
2
Let l(o) = -o**3 - 12*o**2 + 13*o. Let a be l(-13). Suppose -5*x + 763 - 38 = a. What is the hundreds digit of x?
1
Suppose 5*y + o = -3*o + 5320, -4*y = o - 4267. What is the tens digit of y?
6
Suppose -2 = 2*s, -3*p - 2*s + 8 = 2*p. Suppose 0 = -3*b + p + 4. Suppose 5*u - 165 = -b*r, -3*u + 162 = -5*r + 32. What is the units digit of u?
5
Let r = 5975 + -4155. What is the tens digit of r?
2
Suppose 34*b + x = 29*b + 3549, -b - 2*x + 708 = 0. What is the tens digit of b?
1
Let j = -15 + 15. Suppose j = c + 2*c - 18. Suppose -c*a + 3 = -3. What is the units digit of a?
1
Let j(m) = m**3 - 8*m**2 + 16*m - 17. Let o be (0 - 16/(-2)) + -2. What is the units digit of j(o)?
7
Let g = -17 - -19. Suppose g*d = 8 - 2. Suppose 43 - 106 = -d*a. What is the tens digit of a?
2
Suppose -2*l - 2 = 0, q + l + 0*l = 314. What is the units digit of q?
5
Let p = -41 + -3. Let f = 116 + p. What is the tens digit of f?
7
Let u(p) = -26*p + 4. Let l be u(-4). Suppose 3*c - c = l. What is the units digit of c?
4
Suppose 0 = -3*u + 3 + 3. What is the tens digit of (-385)/(-21) + u/(-6)?
1
Suppose 0 = -q + 864 + 1998. What is the thousands digit of q?
2
Suppose -5*t + 35 = 5*q, -t - 3 = 11*q - 15*q. What is the tens digit of 237 + (q - 1) + 3?
4
Suppose 0 = 3*y, 6*h - 5*h + 3*y - 1630 = 0. What is the units digit of h?
0
Suppose 0 = y - 5. Suppose 20 = -b + y*b. What is the tens digit of (-1 - 4)/b - -61?
6
Suppose -3*m + 4*q = 21 - 62, -25 = 5*q. Let w(n) = 5*n + 4 - 4*n + 3*n. What is the tens digit of w(m)?
3
Suppose 0 = -2*p + 2*u + 16, 2 = -p - p - 4*u. Let s be p/((-33)/12 - -3). Suppose -5*v = s - 140. What is the tens digit of v?
2
Let v(l) = 0 + 3*l**2 - 3*l + 0 + l. What is the units digit of v(3)?
1
Let l(x) = 9*x**3 - 6*x**2 + 3 - 18*x**3 + 10*x**3 - 2*x - 12. Let m be l(11). What is the units digit of m/16 + (-15)/(-120)?
6
Suppose 0*b = 5*b - 15. Suppose 51 = b*l - 141. Suppose 4*s + l = 208. What is the tens digit of s?
3
Suppose 2*u = 3*u + 14. What is the units digit of 238 - ((-7)/u)/((-1)/(-6))?
5
Suppose -3*w + l = -7*w + 3830, -3*l = -6. What is the units digit of w?
7
Let d = 969 - 542. What is the units digit of d?
7
Suppose 7*l - 8 = 6*l. Suppose 9 = l*m - 5*m. Suppose 50 = f - 2*g, 0*g + m*g + 53 = f. What is the units digit of f?
4
Let c be (-3)/(0 + (-3)/3). Suppose 0*a - c*x = -2*a + 7, -5*a = -3*x - 22. Suppose -y + a*r = 2*r - 38, -3*r = 4*y - 122. What is the units digit of y?
2
Let i(z) = -z**2. Let r(j) = 3*j**2 - 9*j - 2. Let h(t) = 4*i(t) + r(t). Suppose -3*s + 14 = -5*s. What is the units digit of h(s)?
2
Suppose 4*q = 2*q + 4. Let v be (-7 - -5) + 2*q. Suppose 5*y = -20, 3*r = v*y - 7*y + 43. What is the tens digit of r?
2
Let t(z) = 5*z + 1. Let r be t(6). Let f = r - 28. Suppose -f*y = -8*y + 235. What is the tens digit of y?
4
Suppose 0 = -16*g + 12*g + 16. Suppose 4*a = -g*p + 13 + 11, 3*p - 5*a + 6 = 0. Suppose 17 + 52 = p*k. What is the units digit of k?
3
Suppose 10 = 4*v - 10, 5*q + 4*v = 415. Suppose -f + 4 = -q. What is the units digit of f?
3
Suppose 5*x + 2*n = 107 + 203, 0 = -4*n - 20. Suppose -o + 0*o + x = 0. What is the tens digit of o?
6
Let i = 4495 + -2174. What is the thousands digit of i?
2
Suppose -4*z + 16*f + 9304 = 21*f, 3*f = 3*z - 6978. What is the hundreds digit of z?
3
Suppose -4*d + 5587 = v, 2*d = -2*d. What is the hundreds digit of v?
5
Suppose 4*o = 3*x + 109, 5*o - 180 = x + 4*x. Suppose 4*i + i = 10. What is the tens digit of i - 16/4 - x?
3
Let v = -82 - -120. Let j = 170 - v. Let m = j + -68. What is the units digit of m?
4
Suppose c = -m - c - 329, 4*m = 3*c - 1283. Let f be (m/(-76))/((-1)/(-28)). Let w = f + -64. What is the units digit of w?
5
Let i = -3451 - -5909. What is the thousands digit of i?
2
Let b be (-2)/(-4) - ((-789)/(-6) + -3). Let x = -34 - b. What is the units digit of x?
4
Let k = 20 - 8. Suppose 2*n = -5*s + 9, -k = -4*s - n - 3. Suppose -2*j = 2*j + 12, 5*r - s*j - 109 = 0. What is the tens digit of r?
2
Let j = 12 + 293. What is the hundreds digit of j?
3
Let o(t) = 4 - 3 + 5*t**2 + 2*t - 2*t**2 + 3. Let a be o(5). Let m = -50 + a. What is the tens digit of m?
3
Suppose 16 = 3*x + 31. Let d be x/2*16/10. What is the units digit of d - (-53 - 0)/1?
9
Let b(l) = 14*l - 14. Let k be b(6). Suppose 5*n = -h - 5, 4*h + n = -n + k. Suppose 0*t + h = 5*t. What is the units digit of t?
4
Let g(x) = x**2 + 5*x + 7. Suppose 0 = -3*m - 2*m - 25. Let v be g(m). Let u(w) = w**3 - 6*w**2 - 6*w + 2. What is the units digit of u(v)?
9
What is the hundreds digit of (-6674)/(-14) + 8/28?
4
Suppose -4 = -5*j + 26. Suppose -27 = -a + i, 0 = i - 1 + j. Suppose 0 = -5*y + 6*y - a. What is the units digit of y?
2
What is the units digit of (-1)/(-5) + (-132412)/(-140)?
6
Let a(t) = 23*t**3 - 12*t + 7. What is the hundreds digit of a(3)?
5
Suppose -14*p + 70590 = 16*p. What is the units digit of p?
3
Suppose 122 = 37*y - 5095. What is the hundreds digit of y?
1
Let d(s) = -2*s - 32. Let h be d(-13). What is the tens digit of 60/4 + h + 2?
1
Let l be 0*((-7)/(-14) + (-6)/4). Suppose -r + 0*r + 103 = l. What is the hundreds digit of r?
1
Suppose -4*z = 5*u - 21, 0 = 4*u - 0*z - 2*z + 4. Suppose -2*i + 6 = -2*d, -11 = -2*d - 5*i + 11. What is the tens digit of (-8 + u)*(-2)/d?
1
Let j(z) = -z**2 - 16*z - 17. Let w = -1 + -10. Let o be w/(-22) + (-25)/2. What is the units digit of j(o)?
1
Suppose -4*z = -5*s - 2237, 7*z - 2*z = -5*s + 2830. What is the hundreds digit of z?
5
Let c be (-2)/10 - (-356)/(-20). Let g be (12/c)/((-4)/90). Let p(w) = -w**2 + 18*w - 15. What is the units digit of p(g)?
0
What is the units digit of 5254/9 + 14/63?
4
Let h = 899 + 60. What is the tens digit of h?
5
Suppose 0 = 15*w - 4*w - 5104. What is the hundreds digit of w?
4
Let l(t) = -2*t**3 + 15*t**2 - 6*t - 15. L